{"id":35,"date":"2016-11-08T11:42:25","date_gmt":"2016-11-08T13:42:25","guid":{"rendered":"http:\/\/www.itutrailer.com.br\/site\/locacao\/?page_id=35"},"modified":"2016-11-08T13:27:17","modified_gmt":"2016-11-08T15:27:17","slug":"cases","status":"publish","type":"page","link":"https:\/\/www.itutrailer.com.br\/site\/locacao\/cases\/","title":{"rendered":"Cases"},"content":{"rendered":"<section class=\"wpb-content-wrapper\"><p>[vc_row][vc_column][vc_empty_space height=&#8221;50px&#8221;][vc_column_text]<strong><span style=\"color: #da3138; font-family: verdana, geneva, sans-serif; font-size: 14pt;\">Cinema e TV<\/span><\/strong><\/p>\n<hr \/>\n<p>[\/vc_column_text][vc_row_inner][vc_column_inner width=&#8221;1\/3&#8243;][vc_column_text]<span style=\"line-height: 1.2; font-family: tahoma, arial, helvetica, sans-serif;\"><strong>Cliente:<\/strong> Ag\u00eancia XPTO<\/span><\/p>\n<p><span style=\"line-height: 1.2; font-family: tahoma, arial, helvetica, sans-serif;\"><strong>Projeto:<\/strong> Comercial para TV e Cinema<\/span><\/p>\n<p><span style=\"line-height: 1.2; font-family: tahoma, arial, helvetica, sans-serif;\"><strong>Campanha:<\/strong> Skol O Monstro do P\u00e2ntano<\/span><\/p>\n<p><span style=\"line-height: 1.2; font-family: tahoma, arial, helvetica, sans-serif;\"><strong>Loca\u00e7\u00e3o: <span style=\"color: #da3138;\">Trailer AirStream<\/span><\/strong><\/span>[\/vc_column_text][\/vc_column_inner][vc_column_inner width=&#8221;1\/3&#8243;][vc_video link=&#8221;https:\/\/www.youtube.com\/watch?v=cG5Y-j7nyCs&#8221; align=&#8221;center&#8221;][\/vc_column_inner][vc_column_inner width=&#8221;1\/3&#8243;][vc_video link=&#8221;https:\/\/www.youtube.com\/watch?v=cG5Y-j7nyCs&#8221; align=&#8221;center&#8221;][\/vc_column_inner][\/vc_row_inner][vc_empty_space height=&#8221;50px&#8221;][vc_row_inner][vc_column_inner width=&#8221;1\/3&#8243;][vc_column_text]<span style=\"font-family: tahoma, arial, helvetica, sans-serif;\"><strong>Cliente:<\/strong> Ag\u00eancia XPTO<\/span><\/p>\n<p><span style=\"font-family: tahoma, arial, helvetica, sans-serif;\"><strong>Projeto:<\/strong> Comercial para TV e Cinema<\/span><\/p>\n<p><span style=\"font-family: tahoma, arial, helvetica, sans-serif;\"><strong>Campanha:<\/strong> Skol O Monstro do P\u00e2ntano<\/span><\/p>\n<p><span style=\"font-family: tahoma, arial, helvetica, sans-serif;\"><strong>Loca\u00e7\u00e3o: <span style=\"color: #da3138;\">Trailer AirStream<\/span><\/strong><\/span>[\/vc_column_text][\/vc_column_inner][vc_column_inner width=&#8221;1\/3&#8243;][vc_video link=&#8221;https:\/\/www.youtube.com\/watch?v=cG5Y-j7nyCs&#8221; align=&#8221;center&#8221;][\/vc_column_inner][vc_column_inner width=&#8221;1\/3&#8243;][vc_video link=&#8221;https:\/\/www.youtube.com\/watch?v=cG5Y-j7nyCs&#8221; align=&#8221;center&#8221;][\/vc_column_inner][\/vc_row_inner][\/vc_column][\/vc_row][vc_row][vc_column][vc_empty_space height=&#8221;80px&#8221;][vc_column_text]<strong><span style=\"color: #da3138; font-family: verdana, geneva, sans-serif; font-size: 14pt;\">Promocional<\/span><\/strong><\/p>\n<hr \/>\n<p>[\/vc_column_text][vc_row_inner][vc_column_inner width=&#8221;1\/3&#8243;][vc_column_text]<span style=\"font-family: tahoma, arial, helvetica, sans-serif;\"><strong>Cliente:<\/strong> Ag\u00eancia XPTO<\/span><\/p>\n<p><span style=\"font-family: tahoma, arial, helvetica, sans-serif;\"><strong>Projeto:<\/strong> Comercial para TV e Cinema<\/span><\/p>\n<p><span style=\"font-family: tahoma, arial, helvetica, sans-serif;\"><strong>Campanha:<\/strong> Skol O Monstro do P\u00e2ntano<\/span><\/p>\n<p><span style=\"font-family: tahoma, arial, helvetica, sans-serif;\"><strong>Loca\u00e7\u00e3o: <span style=\"color: #da3138;\">Trailer AirStream<\/span><\/strong><\/span>[\/vc_column_text][\/vc_column_inner][vc_column_inner width=&#8221;1\/3&#8243;][vc_video link=&#8221;https:\/\/www.youtube.com\/watch?v=cG5Y-j7nyCs&#8221; align=&#8221;center&#8221;][\/vc_column_inner][vc_column_inner width=&#8221;1\/3&#8243;][vc_video link=&#8221;https:\/\/www.youtube.com\/watch?v=cG5Y-j7nyCs&#8221; align=&#8221;center&#8221;][\/vc_column_inner][\/vc_row_inner][\/vc_column][\/vc_row]<\/p>\n<\/section>","protected":false},"excerpt":{"rendered":"<p>[vc_row][vc_column][vc_empty_space height=&#8221;50px&#8221;][vc_column_text]Cinema e TV [\/vc_column_text][vc_row_inner][vc_column_inner width=&#8221;1\/3&#8243;][vc_column_text]Cliente: Ag\u00eancia XPTO Projeto: Comercial para TV e Cinema Campanha: Skol O Monstro do P\u00e2ntano Loca\u00e7\u00e3o: Trailer AirStream[\/vc_column_text][\/vc_column_inner][vc_column_inner width=&#8221;1\/3&#8243;][vc_video link=&#8221;https:\/\/www.youtube.com\/watch?v=cG5Y-j7nyCs&#8221; align=&#8221;center&#8221;][\/vc_column_inner][vc_column_inner width=&#8221;1\/3&#8243;][vc_video link=&#8221;https:\/\/www.youtube.com\/watch?v=cG5Y-j7nyCs&#8221; align=&#8221;center&#8221;][\/vc_column_inner][\/vc_row_inner][vc_empty_space height=&#8221;50px&#8221;][vc_row_inner][vc_column_inner width=&#8221;1\/3&#8243;][vc_column_text]Cliente: Ag\u00eancia XPTO Projeto: Comercial para TV e Cinema Campanha: Skol O Monstro do P\u00e2ntano Loca\u00e7\u00e3o: Trailer AirStream[\/vc_column_text][\/vc_column_inner][vc_column_inner width=&#8221;1\/3&#8243;][vc_video link=&#8221;https:\/\/www.youtube.com\/watch?v=cG5Y-j7nyCs&#8221; align=&#8221;center&#8221;][\/vc_column_inner][vc_column_inner width=&#8221;1\/3&#8243;][vc_video link=&#8221;https:\/\/www.youtube.com\/watch?v=cG5Y-j7nyCs&#8221; align=&#8221;center&#8221;][\/vc_column_inner][\/vc_row_inner][\/vc_column][\/vc_row][vc_row][vc_column][vc_empty_space height=&#8221;80px&#8221;][vc_column_text]Promocional [&hellip;]<\/p>\n","protected":false},"author":1,"featured_media":0,"parent":0,"menu_order":0,"comment_status":"closed","ping_status":"closed","template":"","meta":{"_monsterinsights_skip_tracking":false,"_monsterinsights_sitenote_active":false,"_monsterinsights_sitenote_note":"","_monsterinsights_sitenote_category":0,"ngg_post_thumbnail":0},"_links":{"self":[{"href":"https:\/\/www.itutrailer.com.br\/site\/locacao\/wp-json\/wp\/v2\/pages\/35"}],"collection":[{"href":"https:\/\/www.itutrailer.com.br\/site\/locacao\/wp-json\/wp\/v2\/pages"}],"about":[{"href":"https:\/\/www.itutrailer.com.br\/site\/locacao\/wp-json\/wp\/v2\/types\/page"}],"author":[{"embeddable":true,"href":"https:\/\/www.itutrailer.com.br\/site\/locacao\/wp-json\/wp\/v2\/users\/1"}],"replies":[{"embeddable":true,"href":"https:\/\/www.itutrailer.com.br\/site\/locacao\/wp-json\/wp\/v2\/comments?post=35"}],"version-history":[{"count":8,"href":"https:\/\/www.itutrailer.com.br\/site\/locacao\/wp-json\/wp\/v2\/pages\/35\/revisions"}],"predecessor-version":[{"id":85,"href":"https:\/\/www.itutrailer.com.br\/site\/locacao\/wp-json\/wp\/v2\/pages\/35\/revisions\/85"}],"wp:attachment":[{"href":"https:\/\/www.itutrailer.com.br\/site\/locacao\/wp-json\/wp\/v2\/media?parent=35"}],"curies":[{"name":"wp","href":"https:\/\/api.w.org\/{rel}","templated":true}]}}