{"id":5461,"date":"2018-12-10T14:34:18","date_gmt":"2018-12-10T16:34:18","guid":{"rendered":"http:\/\/www.itutrailer.com.br\/site\/campismo\/?page_id=5461"},"modified":"2026-03-23T14:16:41","modified_gmt":"2026-03-23T17:16:41","slug":"contato","status":"publish","type":"page","link":"https:\/\/www.itutrailer.com.br\/site\/campismo\/contato\/","title":{"rendered":"Contato e Localiza\u00e7\u00e3o"},"content":{"rendered":"<section class=\"wpb-content-wrapper\"><p>[vc_row][vc_column width=&#8221;1\/2&#8243;][vc_empty_space height=&#8221;40px&#8221;][vc_column_text]<\/p>\n<h2><span style=\"font-family: verdana, geneva, sans-serif;\"><span class=\"entry-title\">ITU &#8211; SP: PABX (11) 4023-2314<\/span><\/span><\/h2>\n<p>&nbsp;<\/p>\n<p><span style=\"font-family: verdana, geneva, sans-serif;\"><strong>Venda de Trailers e Motohomes (WhatsApp):<\/strong> (11) 97129-1479 (de segunda a sexta)<\/span><\/p>\n<p><span style=\"font-family: verdana, geneva, sans-serif;\"><strong>Pe\u00e7as e Acess\u00f3rios (direto):<\/strong> (11) 91019-6091 (de segunda a sexta)<\/span><\/p>\n<p><span style=\"font-family: verdana, geneva, sans-serif;\"><strong>Pe\u00e7as e Acess\u00f3rios:<\/strong>&nbsp;<a href=\"mailto:vendas@ekipatrailer.com.br\">vendas@ekipatrailer.com.br<\/a><\/span><\/p>\n<p><span style=\"font-family: verdana, geneva, sans-serif;\"><strong>Vendas:<\/strong>&nbsp;<a href=\"mailto:vendas@itutrailer.com.br\">vendas@itutrailer.com.br<\/a><\/span><\/p>\n<p><span style=\"font-family: verdana, geneva, sans-serif;\"><strong>Admin \/ Financeiro:<\/strong><\/span><span class=\"entry-title\"> <a href=\"mailto:adm@itutrailer.com.br\">adm@itutrailer.com.br<\/a><\/span><\/p>\n<p><span style=\"font-family: verdana, geneva, sans-serif;\"><strong>Loca\u00e7\u00e3o:<\/strong> <\/span><span class=\"entry-title\"> <a href=\"mailto:loca@itutrailer.com.br\">loca@itutrailer.com.br<\/a><\/span><\/p>\n<p>&nbsp;<\/p>\n<p><strong><span style=\"font-family: verdana, geneva, sans-serif;\">Endere\u00e7o para correspond\u00eancia:<\/span><\/strong><\/p>\n<p><span style=\"font-family: verdana, geneva, sans-serif;\">Av. 9 de Julho, 145, Jardim Oliveira &#8211; Itu\/SP &#8211;<\/span><span style=\"font-family: verdana, geneva, sans-serif;\">&nbsp;13313-310<\/span><\/p>\n<p>&nbsp;<\/p>\n<p><strong><span style=\"font-family: verdana, geneva, sans-serif;\">Endere\u00e7o para visita\u00e7\u00e3o (via GPO):<\/span><\/strong><\/p>\n<p><span style=\"font-family: verdana, geneva, sans-serif;\">Rodovia Marechal Rondon, 145 \u2013 Jardim Oliveira \u2013 Itu\/SP \u2013 Brasil.<\/span><\/p>\n<p>&nbsp;<\/p>\n<p><span style=\"font-family: verdana, geneva, sans-serif;\"><strong>Atendimento:<\/strong> 2\u00aa a 6\u00aa das 8h \u00e0s 18h, aos s\u00e1bados das 8:30 \u00e0s 13:00<\/span><\/p>\n<p>&nbsp;<\/p>\n<p><span style=\"font-family: verdana, geneva, sans-serif;\"><strong>N\u00e3o temos atendimento via Telefone aos s\u00e1bados<\/strong><\/span>[\/vc_column_text][vc_raw_html]JTNDaWZyYW1lJTIwc3R5bGUlM0QlMjJib3JkZXIlM0ElMjAwJTNCJTIyJTIwc3JjJTNEJTIyaHR0cHMlM0ElMkYlMkZ3d3cuZ29vZ2xlLmNvbSUyRm1hcHMlMkZlbWJlZCUzRnBiJTNEJTIxMW0xOCUyMTFtMTIlMjExbTMlMjExZDM2NjUuNjk5MTY1Mzg3NTYwMiUyMTJkLTQ3LjMyNTM1OTA4NTI3Mzg1JTIxM2QtMjMuMjU0MDMxODU2MTk5MDYzJTIxMm0zJTIxMWYwJTIxMmYwJTIxM2YwJTIxM20yJTIxMWkxMDI0JTIxMmk3NjglMjE0ZjEzLjElMjEzbTMlMjExbTIlMjExczB4OTRjZjUwZTI2MWM1ODIwMyUyNTNBMHg0NWI0Mjk2NzA4ODgwNTc2JTIxMnNJdHUlMkJUcmFpbGVycyUyQkx0ZGEuJTIxNWUwJTIxM20yJTIxMXNwdC1CUiUyMTJzYnIlMjE0djE0Njg5NDE0ODMwODAlMjIlMjB3aWR0aCUzRCUyMjkwJTI1JTIyJTIwaGVpZ2h0JTNEJTIyMzAwJTIyJTIwZnJhbWVib3JkZXIlM0QlMjIwJTIyJTIwYWxsb3dmdWxsc2NyZWVuJTNEJTIyYWxsb3dmdWxsc2NyZWVuJTIyJTNFJTNDJTJGaWZyYW1lJTNF[\/vc_raw_html][vc_empty_space][vc_single_image image=&#8221;8300&#8243; img_size=&#8221;300&#215;84&#8243;][vc_column_text]<\/p>\n<h2><span style=\"font-family: verdana, geneva, sans-serif;\"><span class=\"entry-title\">S\u00c3O JOS\u00c9 &#8211; SC: (48)&nbsp;3375-8947&nbsp;<\/span><\/span><\/h2>\n<p>&nbsp;<\/p>\n<p><span style=\"font-family: verdana, geneva, sans-serif;\"><strong>Whatsapp:<\/strong> (48) 99821-8481<\/span><\/p>\n<p><span style=\"font-family: verdana, geneva, sans-serif;\"><strong>E-mail:<\/strong> <a href=\"mailto:contato@sctrailer.com.br\">contato@sctrailer.com.br<\/a><\/span><\/p>\n<p>&nbsp;<\/p>\n<p>&nbsp;<\/p>\n<p><strong><span style=\"font-family: verdana, geneva, sans-serif;\">Endere\u00e7o para correspond\u00eancia:<\/span><\/strong><\/p>\n<p><span style=\"font-family: verdana, geneva, sans-serif;\">Rua Accacio Pinto da Luz, 195 \u2013 Bairro Serraria<br \/>\nS\u00e3o Jos\u00e9 -SC \u2013 CEP: 88115-390<\/span><\/p>\n<p>&nbsp;<\/p>\n<p><span style=\"font-family: verdana, geneva, sans-serif;\"><strong>Atendimento:<\/strong> 2\u00aa a 6\u00aa das 8h \u00e0s 18h, aos s\u00e1bados das 8:30 \u00e0s 13:00<\/span>[\/vc_column_text][vc_raw_html]JTNDaWZyYW1lJTIwc3JjJTNEJTIyaHR0cHMlM0ElMkYlMkZ3d3cuZ29vZ2xlLmNvbSUyRm1hcHMlMkZlbWJlZCUzRnBiJTNEJTIxMW0xOCUyMTFtMTIlMjExbTMlMjExZDM1MzcuODQ1Nzc5NDc4NzU0NiUyMTJkLTQ4LjYzMDUxMTY4NDk0MTU5NSUyMTNkLTI3LjUzNjI0OTk4Mjg2MzA3NiUyMTJtMyUyMTFmMCUyMTJmMCUyMTNmMCUyMTNtMiUyMTFpMTAyNCUyMTJpNzY4JTIxNGYxMy4xJTIxM20zJTIxMW0yJTIxMXMweDk1Mjc0OTQ0YjAzZTRkMDklMjUzQTB4NjdiZjAwMWEwMTRhZWQ0OCUyMTJzUi4lMjUyMEFjY2FjaW8lMjUyMFBpbnRvJTI1MjBEYSUyNTIwTHV6JTI1MkMlMjUyMDE5NSUyNTIwLSUyNTIwU2VycmFyaWElMjUyQyUyNTIwUyUyNUMzJTI1QTNvJTI1MjBKb3MlMjVDMyUyNUE5JTI1MjAtJTI1MjBTQyUyNTJDJTI1MjA4ODExNS0zOTAlMjE1ZTAlMjEzbTIlMjExc3B0LUJSJTIxMnNiciUyMTR2MTU5MDA5MTY4NTcxOCUyMTVtMiUyMTFzcHQtQlIlMjEyc2JyJTIyJTIwd2lkdGglM0QlMjI5MCUyNSUyMiUyMGhlaWdodCUzRCUyMjMwMCUyMiUyMGZyYW1lYm9yZGVyJTNEJTIyMCUyMiUyMHN0eWxlJTNEJTIyYm9yZGVyJTNBMCUzQiUyMiUyMGFsbG93ZnVsbHNjcmVlbiUzRCUyMiUyMiUyMGFyaWEtaGlkZGVuJTNEJTIyZmFsc2UlMjIlMjB0YWJpbmRleCUzRCUyMjAlMjIlM0UlM0MlMkZpZnJhbWUlM0U=[\/vc_raw_html][\/vc_column][vc_column width=&#8221;1\/2&#8243;][vc_empty_space height=&#8221;40px&#8221;][vc_column_text]<\/p>\n<p style=\"text-align: left;\"><span style=\"font-family: verdana, geneva, sans-serif;\">Se preferir, entre em contato pelo formul\u00e1rio:<\/span><\/p>\n<p>&nbsp;<\/p>\n<div style=\"text-align: left;\" align=\"center\">\n<div class=\"wpcf7 no-js\" id=\"wpcf7-f53-o1\" lang=\"pt-BR\" dir=\"ltr\">\n<div class=\"screen-reader-response\"><p role=\"status\" aria-live=\"polite\" aria-atomic=\"true\"><\/p> <ul><\/ul><\/div>\n<form action=\"\/site\/campismo\/wp-json\/wp\/v2\/pages\/5461#wpcf7-f53-o1\" method=\"post\" class=\"wpcf7-form init\" aria-label=\"Formul\u00e1rios de contato\" novalidate=\"novalidate\" data-status=\"init\">\n<div style=\"display: none;\">\n<input type=\"hidden\" name=\"_wpcf7\" value=\"53\" \/>\n<input type=\"hidden\" name=\"_wpcf7_version\" value=\"5.7.4\" \/>\n<input type=\"hidden\" name=\"_wpcf7_locale\" value=\"pt_BR\" \/>\n<input type=\"hidden\" name=\"_wpcf7_unit_tag\" value=\"wpcf7-f53-o1\" \/>\n<input type=\"hidden\" name=\"_wpcf7_container_post\" value=\"0\" \/>\n<input type=\"hidden\" name=\"_wpcf7_posted_data_hash\" value=\"\" \/>\n<\/div>\n<p>Nome\n<\/p>\n<p><span class=\"wpcf7-form-control-wrap\" data-name=\"your-name\"><input size=\"40\" class=\"wpcf7-form-control wpcf7-text wpcf7-validates-as-required\" aria-required=\"true\" aria-invalid=\"false\" value=\"\" type=\"text\" name=\"your-name\" \/><\/span>\n<\/p>\n<p>Telefone (DDD + n\u00ba)<br \/>\n<span class=\"wpcf7-form-control-wrap\" data-name=\"tel-102\"><input size=\"40\" class=\"wpcf7-form-control wpcf7-text wpcf7-tel wpcf7-validates-as-tel\" aria-invalid=\"false\" value=\"\" type=\"tel\" name=\"tel-102\" \/><\/span>\n<\/p>\n<p>E-mail\n<\/p>\n<p><span class=\"wpcf7-form-control-wrap\" data-name=\"your-email\"><input size=\"40\" class=\"wpcf7-form-control wpcf7-text wpcf7-email wpcf7-validates-as-required wpcf7-validates-as-email\" aria-required=\"true\" aria-invalid=\"false\" value=\"\" type=\"email\" name=\"your-email\" \/><\/span>\n<\/p>\n<p>Mensagem\n<\/p>\n<p><span class=\"wpcf7-form-control-wrap\" data-name=\"your-message\"><textarea cols=\"40\" rows=\"10\" class=\"wpcf7-form-control wpcf7-textarea\" aria-invalid=\"false\" name=\"your-message\"><\/textarea><\/span>\n<\/p>\n<p><input class=\"wpcf7-form-control has-spinner wpcf7-submit\" type=\"submit\" value=\"Enviar\" \/>\n<\/p><div class=\"wpcf7-response-output\" aria-hidden=\"true\"><\/div>\n<\/form>\n<\/div>\n<\/div>\n<p>[\/vc_column_text][vc_empty_space height=&#8221;10px&#8221;][vc_single_image image=&#8221;4079&#8243; img_size=&#8221;full&#8221; alignment=&#8221;center&#8221; onclick=&#8221;custom_link&#8221; img_link_target=&#8221;_blank&#8221; link=&#8221;https:\/\/www.google.com\/maps\/place\/Itu+Trailers+Ltda.\/@-23.253812,-47.3225603,3a,75y,79h,88t\/data=!3m8!1e1!3m6!1s-KsaMZNiDza8%2FWSQ1ivYoghI%2FAAAAAAAAJPA%2FoAno3sQk0FsbT21p-qksoxoEEf_kA2hPQCLIB!2e4!3e11!6s%2F%2Flh6.googleusercontent.com%2F-KsaMZNiDza8%2FWSQ1ivYoghI%2FAAAAAAAAJPA%2FoAno3sQk0FsbT21p-qksoxoEEf_kA2hPQCLIB%2Fw203-h100-k-no-pi-2.9338646-ya132.49998-ro-0-fo100%2F!7i12866!8i6433!4m5!3m4!1s0x0:0x45b4296708880576!8m2!3d-23.25392!4d-47.322492?hl=pt-BR&#8221;][\/vc_column][\/vc_row][vc_row][vc_column][vc_empty_space][\/vc_column][\/vc_row][vc_row][vc_column][vc_column_text]<\/p>\n<p>[\/vc_column_text][\/vc_column][\/vc_row]<\/p>\n<\/section>","protected":false},"excerpt":{"rendered":"<p>[vc_row][vc_column width=&#8221;1\/2&#8243;][vc_empty_space height=&#8221;40px&#8221;][vc_column_text] ITU &#8211; SP: PABX (11) 4023-2314 &nbsp; Venda de Trailers e Motohomes (WhatsApp): (11) 97129-1479 (de segunda a sexta) Pe\u00e7as e Acess\u00f3rios (direto): (11) 91019-6091 (de segunda a sexta) Pe\u00e7as e Acess\u00f3rios:&nbsp;vendas@ekipatrailer.com.br Vendas:&nbsp;vendas@itutrailer.com.br Admin \/ Financeiro: adm@itutrailer.com.br Loca\u00e7\u00e3o: loca@itutrailer.com.br &nbsp; Endere\u00e7o para correspond\u00eancia: Av. 9 de Julho, 145, Jardim Oliveira &#8211; Itu\/SP [&hellip;]<\/p>\n","protected":false},"author":1,"featured_media":0,"parent":0,"menu_order":6,"comment_status":"closed","ping_status":"closed","template":"","meta":{"_monsterinsights_skip_tracking":false,"_monsterinsights_sitenote_active":false,"_monsterinsights_sitenote_note":"","_monsterinsights_sitenote_category":0,"ngg_post_thumbnail":0},"_links":{"self":[{"href":"https:\/\/www.itutrailer.com.br\/site\/campismo\/wp-json\/wp\/v2\/pages\/5461"}],"collection":[{"href":"https:\/\/www.itutrailer.com.br\/site\/campismo\/wp-json\/wp\/v2\/pages"}],"about":[{"href":"https:\/\/www.itutrailer.com.br\/site\/campismo\/wp-json\/wp\/v2\/types\/page"}],"author":[{"embeddable":true,"href":"https:\/\/www.itutrailer.com.br\/site\/campismo\/wp-json\/wp\/v2\/users\/1"}],"replies":[{"embeddable":true,"href":"https:\/\/www.itutrailer.com.br\/site\/campismo\/wp-json\/wp\/v2\/comments?post=5461"}],"version-history":[{"count":28,"href":"https:\/\/www.itutrailer.com.br\/site\/campismo\/wp-json\/wp\/v2\/pages\/5461\/revisions"}],"predecessor-version":[{"id":20071,"href":"https:\/\/www.itutrailer.com.br\/site\/campismo\/wp-json\/wp\/v2\/pages\/5461\/revisions\/20071"}],"wp:attachment":[{"href":"https:\/\/www.itutrailer.com.br\/site\/campismo\/wp-json\/wp\/v2\/media?parent=5461"}],"curies":[{"name":"wp","href":"https:\/\/api.w.org\/{rel}","templated":true}]}}