{"id":20114,"date":"2026-04-16T09:03:39","date_gmt":"2026-04-16T12:03:39","guid":{"rendered":"https:\/\/www.itutrailer.com.br\/site\/campismo\/?page_id=20114"},"modified":"2026-04-16T09:03:39","modified_gmt":"2026-04-16T12:03:39","slug":"motor-home-importado-tiffin-mod-alegro-32ba-fred","status":"publish","type":"page","link":"https:\/\/www.itutrailer.com.br\/site\/campismo\/venda\/motor-home-importado-tiffin-mod-alegro-32ba-fred\/","title":{"rendered":"Motor Home Importado Tiffin Mod Alegro 32ba Fred"},"content":{"rendered":"<section class=\"wpb-content-wrapper\"><p>[vc_row][vc_column width=&#8221;1\/2&#8243;][vc_column_text]<\/p>\n<h1><span style=\"color: #00ce6b; font-family: verdana, geneva, sans-serif;\">Venda \/&nbsp;<strong>RVs usados<\/strong><\/span><\/h1>\n<p>[\/vc_column_text][vc_row_inner][vc_column_inner][vc_column_text]<span style=\"font-family: arial, helvetica, sans-serif; font-size: 12pt;\">Fotos Externas<\/span>[\/vc_column_text][vc_gallery interval=&#8221;3&#8243; images=&#8221;20115,20116,20117,20118,20119,20120,20121&#8243; img_size=&#8221;620&#215;420&#8243; onclick=&#8221;img_link_large&#8221; custom_links_target=&#8221;_blank&#8221;][vc_column_text]<span style=\"font-family: arial, helvetica, sans-serif; font-size: 12pt;\">Fotos Internas<\/span>[\/vc_column_text][vc_gallery interval=&#8221;3&#8243; images=&#8221;20124,20125,20123,20126,20127,20122,20128,20129,20130,20131,20132,20133,20134&#8243; img_size=&#8221;620&#215;420&#8243; onclick=&#8221;img_link_large&#8221; custom_links_target=&#8221;_blank&#8221;][\/vc_column_inner][\/vc_row_inner][vc_empty_space][\/vc_column][vc_column width=&#8221;1\/2&#8243;][vc_column_text]&nbsp;<\/p>\n<p><span style=\"font-size: 20; font-family: verdana, geneva, sans-serif; color: #808080;\"><strong>Motor Home Importado Tiffin Mod Alegro 32ba Fred<\/strong><\/span><\/p>\n<p><span style=\"font-size: 32; font-family: verdana, geneva, sans-serif; color: #00ce6b;\"><b>R$ 650.000,00<\/b><\/span>[\/vc_column_text][vc_tta_tabs active_section=&#8221;1&#8243;][vc_tta_section title=&#8221;Descri\u00e7\u00e3o&#8221; tab_id=&#8221;1471526930947-32b6d156-f486&#8243;][vc_column_text]<strong><span style=\"font-family: arial, helvetica, sans-serif; font-size: 12pt;\">MOTOR HOME AMERICANO NO BRASIL<\/span><\/strong><br \/>\n<span style=\"font-family: arial, helvetica, sans-serif; font-size: 12pt;\">Marca Montagem: TIFFIN (Americano \u00fanico no Brasil-legalizado)<\/span><br \/>\n<span style=\"font-family: arial, helvetica, sans-serif; font-size: 12pt;\">Modelo montagem: Alegro 32BA Fred<\/span><br \/>\n<span style=\"font-family: arial, helvetica, sans-serif; font-size: 12pt;\">Ano montagem: 2008<\/span><br \/>\n<span style=\"font-family: arial, helvetica, sans-serif; font-size: 12pt;\">Ano de chassi: 2008<\/span><br \/>\n<span style=\"font-family: arial, helvetica, sans-serif; font-size: 12pt;\">Marca\/Modelo chassi: Alegro \u2013 KM: 121.000<\/span><br \/>\n<span style=\"font-family: arial, helvetica, sans-serif; font-size: 12pt;\">Motoriza\u00e7\u00e3o: Motor Cummins- 340 HP &#8211; Diesel<\/span><br \/>\n<span style=\"font-family: arial, helvetica, sans-serif; font-size: 12pt;\">Dimens\u00f5es: Comp. 9.900 x Larg. 2.60 x Alt. 3.60 (32 p\u00e9s)<\/span><br \/>\n<span style=\"font-family: arial, helvetica, sans-serif; font-size: 12pt;\">Acomoda\u00e7\u00e3o: 6 pessoas<\/span><\/p>\n<p>&nbsp;<\/p>\n<p><strong><span style=\"font-family: arial, helvetica, sans-serif; font-size: 12pt;\">Ve\u00edculo:<\/span><\/strong><br \/>\n<span style=\"font-family: arial, helvetica, sans-serif; font-size: 12pt;\">\u2022 Cambio 6 marchas autom\u00e1tico Allison<\/span><br \/>\n<span style=\"font-family: arial, helvetica, sans-serif; font-size: 12pt;\">\u2022 Ar condicionado de Painel<\/span><br \/>\n<span style=\"font-family: arial, helvetica, sans-serif; font-size: 12pt;\">\u2022 4 c\u00e2meras (duas laterais e duas traseiras)<\/span><br \/>\n<span style=\"font-family: arial, helvetica, sans-serif; font-size: 12pt;\">\u2022 Engate para reboque<\/span><br \/>\n<span style=\"font-family: arial, helvetica, sans-serif; font-size: 12pt;\">\u2022 Suspens\u00e3o por mola e a ar<\/span><br \/>\n<span style=\"font-family: arial, helvetica, sans-serif; font-size: 12pt;\">\u2022 Piloto autom\u00e1tico<\/span><br \/>\n<span style=\"font-family: arial, helvetica, sans-serif; font-size: 12pt;\">\u2022 Freio motor<\/span><br \/>\n<span style=\"font-family: arial, helvetica, sans-serif; font-size: 12pt;\">\u2022 Retrovisores com aquecedor el\u00e9trico<\/span><br \/>\n<span style=\"font-family: arial, helvetica, sans-serif; font-size: 12pt;\">\u2022 Motor cummins isb 6.7 (mesmo da RAM)<\/span><br \/>\n<span style=\"font-family: arial, helvetica, sans-serif; font-size: 12pt;\">\u2022 Sapatas de nivelamento el\u00e9tricas com motor individual acionados por controle remoto<\/span><br \/>\n<span style=\"font-family: arial, helvetica, sans-serif; font-size: 12pt;\">\u2022 Freio a disco nas quatro rodas<\/span><br \/>\n<span style=\"font-family: arial, helvetica, sans-serif; font-size: 12pt;\">\u2022 4 pneus meia vida e dois zeros (255\/70R 22.5)<\/span><br \/>\n<span style=\"font-family: arial, helvetica, sans-serif; font-size: 12pt;\">\u2022 Bateria da partida (Moura 180\u00aa)<\/span><\/p>\n<p>&nbsp;<\/p>\n<p><strong><span style=\"font-family: arial, helvetica, sans-serif; font-size: 12pt;\">Acess\u00f3rios:<\/span><\/strong><br \/>\n<span style=\"font-family: arial, helvetica, sans-serif; font-size: 12pt;\">\u2022 Antena de canal fechado<\/span><br \/>\n<span style=\"font-family: arial, helvetica, sans-serif; font-size: 12pt;\">\u2022 Ar condicionado de teto 11.000 Btu\u00b4s<\/span><br \/>\n<span style=\"font-family: arial, helvetica, sans-serif; font-size: 12pt;\">\u2022 Aquecedor de \u00e1gua de boiler a g\u00e1s e el\u00e9trico<\/span><br \/>\n<span style=\"font-family: arial, helvetica, sans-serif; font-size: 12pt;\">\u2022 Bateria auxiliar 180a<\/span><br \/>\n<span style=\"font-family: arial, helvetica, sans-serif; font-size: 12pt;\">\u2022 Bomba d\u2019\u00e1gua Shurflo<\/span><br \/>\n<span style=\"font-family: arial, helvetica, sans-serif; font-size: 12pt;\">\u2022 Claraboia com exaustor<\/span><br \/>\n<span style=\"font-family: arial, helvetica, sans-serif; font-size: 12pt;\">\u2022 Conversor de energia 5.000W<\/span><br \/>\n<span style=\"font-family: arial, helvetica, sans-serif; font-size: 12pt;\">\u2022 Regulador de voltarem automatico<\/span><br \/>\n<span style=\"font-family: arial, helvetica, sans-serif; font-size: 12pt;\">\u2022 Cozinha externa<\/span><br \/>\n<span style=\"font-family: arial, helvetica, sans-serif; font-size: 12pt;\">\u2022 Chuveiro externo<\/span><br \/>\n<span style=\"font-family: arial, helvetica, sans-serif; font-size: 12pt;\">\u2022 Caixa de \u00e1gua limpa 200lts, caixa de \u00e1gua servida 200lts e detritos 200lts.<\/span><br \/>\n<span style=\"font-family: arial, helvetica, sans-serif; font-size: 12pt;\">\u2022 Engate para reboque<\/span><br \/>\n<span style=\"font-family: arial, helvetica, sans-serif; font-size: 12pt;\">\u2022 Forno micro-ondas<\/span><br \/>\n<span style=\"font-family: arial, helvetica, sans-serif; font-size: 12pt;\">\u2022 Fog\u00e3o com forno<\/span><br \/>\n<span style=\"font-family: arial, helvetica, sans-serif; font-size: 12pt;\">\u2022 Gerador de energia a diesel Onan 6KVA (usa o mesmo combust\u00edvel do ve\u00edculo, n\u00e3o precisando abastecer), liga no painel<\/span><br \/>\n<span style=\"font-family: arial, helvetica, sans-serif; font-size: 12pt;\">\u2022 Inversor de energia 1.800W XANTREX<\/span><br \/>\n<span style=\"font-family: arial, helvetica, sans-serif; font-size: 12pt;\">\u2022 M\u00e1quina de lavar 3kg<\/span><br \/>\n<span style=\"font-family: arial, helvetica, sans-serif; font-size: 12pt;\">\u2022 Refrigerador el\u00e9trico 260Lts el\u00e9trica e g\u00e1s (autom\u00e1tico)<\/span><br \/>\n<span style=\"font-family: arial, helvetica, sans-serif; font-size: 12pt;\">\u2022 Sanit\u00e1rio Aqua Magic Pedal<\/span><br \/>\n<span style=\"font-family: arial, helvetica, sans-serif; font-size: 12pt;\">\u2022 2 Slide out (sala e no quarto)<\/span><br \/>\n<span style=\"font-family: arial, helvetica, sans-serif; font-size: 12pt;\">\u2022 Toalheiro t\u00e9rmico<\/span><br \/>\n<span style=\"font-family: arial, helvetica, sans-serif; font-size: 12pt;\">\u2022 Toldo manual<\/span><br \/>\n<span style=\"font-family: arial, helvetica, sans-serif; font-size: 12pt;\">\u2022 TV na sala<\/span><br \/>\n<span style=\"font-family: arial, helvetica, sans-serif; font-size: 12pt;\">\u2022 TV quarto casal<\/span><br \/>\n<span style=\"font-family: arial, helvetica, sans-serif; font-size: 12pt;\">\u2022 DVD e SKY<\/span><br \/>\n<span style=\"font-family: arial, helvetica, sans-serif; font-size: 12pt;\">\u2022 Sistema de calefa\u00e7\u00e3o (funciona a g\u00e1s e el\u00e9trico)<\/span><br \/>\n<span style=\"font-family: arial, helvetica, sans-serif; font-size: 12pt;\">\u2022 Aspirador de p\u00f3 embutido, com acesso a todo o ve\u00edculo<\/span><br \/>\n<span style=\"font-family: arial, helvetica, sans-serif; font-size: 12pt;\">\u2022 Amplos arm\u00e1rios com guarda roupa<\/span><br \/>\n<span style=\"font-family: arial, helvetica, sans-serif; font-size: 12pt;\">\u2022 Dinete vira cama de solteiro<\/span><br \/>\n<span style=\"font-family: arial, helvetica, sans-serif; font-size: 12pt;\">\u2022 Sof\u00e1 vira cama de casal (colch\u00e3o de mola e ar)<\/span><br \/>\n<span style=\"font-family: arial, helvetica, sans-serif; font-size: 12pt;\">\u2022 Poltrona reclin\u00e1vel<\/span><br \/>\n<span style=\"font-family: arial, helvetica, sans-serif; font-size: 12pt;\">\u2022 Sensores de g\u00e1s e fogo<\/span><\/p>\n<p>&nbsp;<\/p>\n<p><span style=\"font-family: arial, helvetica, sans-serif; font-size: 12pt;\">*<\/span><span style=\"font-family: arial, helvetica, sans-serif; font-size: 12pt;\">As informa\u00e7\u00f5es das fotos e de toda a descri\u00e7\u00e3o do produto podem sofrer altera\u00e7\u00f5es sem pr\u00e9vio aviso.<\/span><br \/>\n<span style=\"font-family: arial, helvetica, sans-serif; font-size: 12pt;\">*As fotos apresentadas podem conter opcionais instalados.<\/span><br \/>\n<span style=\"font-family: arial, helvetica, sans-serif; font-size: 12pt;\">Caso tenha alguma d\u00favida, favor entrar em contato com uma de nossas revendas.<\/span>[\/vc_column_text][\/vc_tta_section][\/vc_tta_tabs][\/vc_column][\/vc_row][vc_row][vc_column][vc_column_text][\/vc_column_text][\/vc_column][\/vc_row]<\/p>\n<\/section>","protected":false},"excerpt":{"rendered":"<p>[vc_row][vc_column width=&#8221;1\/2&#8243;][vc_column_text] Venda \/&nbsp;RVs usados [\/vc_column_text][vc_row_inner][vc_column_inner][vc_column_text]Fotos Externas[\/vc_column_text][vc_gallery interval=&#8221;3&#8243; images=&#8221;20115,20116,20117,20118,20119,20120,20121&#8243; img_size=&#8221;620&#215;420&#8243; onclick=&#8221;img_link_large&#8221; custom_links_target=&#8221;_blank&#8221;][vc_column_text]Fotos Internas[\/vc_column_text][vc_gallery interval=&#8221;3&#8243; images=&#8221;20124,20125,20123,20126,20127,20122,20128,20129,20130,20131,20132,20133,20134&#8243; img_size=&#8221;620&#215;420&#8243; onclick=&#8221;img_link_large&#8221; custom_links_target=&#8221;_blank&#8221;][\/vc_column_inner][\/vc_row_inner][vc_empty_space][\/vc_column][vc_column width=&#8221;1\/2&#8243;][vc_column_text]&nbsp; Motor Home Importado Tiffin Mod Alegro 32ba Fred R$ 650.000,00[\/vc_column_text][vc_tta_tabs active_section=&#8221;1&#8243;][vc_tta_section title=&#8221;Descri\u00e7\u00e3o&#8221; tab_id=&#8221;1471526930947-32b6d156-f486&#8243;][vc_column_text]MOTOR HOME AMERICANO NO BRASIL Marca Montagem: TIFFIN (Americano \u00fanico no Brasil-legalizado) Modelo montagem: Alegro 32BA Fred Ano montagem: 2008 Ano de chassi: 2008 [&hellip;]<\/p>\n","protected":false},"author":1,"featured_media":0,"parent":14,"menu_order":0,"comment_status":"closed","ping_status":"closed","template":"","meta":{"_monsterinsights_skip_tracking":false,"_monsterinsights_sitenote_active":false,"_monsterinsights_sitenote_note":"","_monsterinsights_sitenote_category":0,"ngg_post_thumbnail":0},"_links":{"self":[{"href":"https:\/\/www.itutrailer.com.br\/site\/campismo\/wp-json\/wp\/v2\/pages\/20114"}],"collection":[{"href":"https:\/\/www.itutrailer.com.br\/site\/campismo\/wp-json\/wp\/v2\/pages"}],"about":[{"href":"https:\/\/www.itutrailer.com.br\/site\/campismo\/wp-json\/wp\/v2\/types\/page"}],"author":[{"embeddable":true,"href":"https:\/\/www.itutrailer.com.br\/site\/campismo\/wp-json\/wp\/v2\/users\/1"}],"replies":[{"embeddable":true,"href":"https:\/\/www.itutrailer.com.br\/site\/campismo\/wp-json\/wp\/v2\/comments?post=20114"}],"version-history":[{"count":1,"href":"https:\/\/www.itutrailer.com.br\/site\/campismo\/wp-json\/wp\/v2\/pages\/20114\/revisions"}],"predecessor-version":[{"id":20135,"href":"https:\/\/www.itutrailer.com.br\/site\/campismo\/wp-json\/wp\/v2\/pages\/20114\/revisions\/20135"}],"up":[{"embeddable":true,"href":"https:\/\/www.itutrailer.com.br\/site\/campismo\/wp-json\/wp\/v2\/pages\/14"}],"wp:attachment":[{"href":"https:\/\/www.itutrailer.com.br\/site\/campismo\/wp-json\/wp\/v2\/media?parent=20114"}],"curies":[{"name":"wp","href":"https:\/\/api.w.org\/{rel}","templated":true}]}}

<section class="wpb-content-wrapper"><p>[vc_row][vc_column width=&#8221;1/2&#8243;][vc_column_text]</p>
<h1><span style="color: #00ce6b; font-family: verdana, geneva, sans-serif;">Venda /&nbsp;<strong>RVs usados</strong></span></h1>
<p>[/vc_column_text][vc_row_inner][vc_column_inner][vc_column_text]<span style="font-family: arial, helvetica, sans-serif; font-size: 12pt;">Fotos Externas</span>[/vc_column_text][vc_gallery interval=&#8221;3&#8243; images=&#8221;20115,20116,20117,20118,20119,20120,20121&#8243; img_size=&#8221;620&#215;420&#8243; onclick=&#8221;img_link_large&#8221; custom_links_target=&#8221;_blank&#8221;][vc_column_text]<span style="font-family: arial, helvetica, sans-serif; font-size: 12pt;">Fotos Internas</span>[/vc_column_text][vc_gallery interval=&#8221;3&#8243; images=&#8221;20124,20125,20123,20126,20127,20122,20128,20129,20130,20131,20132,20133,20134&#8243; img_size=&#8221;620&#215;420&#8243; onclick=&#8221;img_link_large&#8221; custom_links_target=&#8221;_blank&#8221;][/vc_column_inner][/vc_row_inner][vc_empty_space][/vc_column][vc_column width=&#8221;1/2&#8243;][vc_column_text]&nbsp;</p>
<p><span style="font-size: 20; font-family: verdana, geneva, sans-serif; color: #808080;"><strong>Motor Home Importado Tiffin Mod Alegro 32ba Fred</strong></span></p>
<p><span style="font-size: 32; font-family: verdana, geneva, sans-serif; color: #00ce6b;"><b>R$ 650.000,00</b></span>[/vc_column_text][vc_tta_tabs active_section=&#8221;1&#8243;][vc_tta_section title=&#8221;Descrição&#8221; tab_id=&#8221;1471526930947-32b6d156-f486&#8243;][vc_column_text]<strong><span style="font-family: arial, helvetica, sans-serif; font-size: 12pt;">MOTOR HOME AMERICANO NO BRASIL</span></strong><br />
<span style="font-family: arial, helvetica, sans-serif; font-size: 12pt;">Marca Montagem: TIFFIN (Americano único no Brasil-legalizado)</span><br />
<span style="font-family: arial, helvetica, sans-serif; font-size: 12pt;">Modelo montagem: Alegro 32BA Fred</span><br />
<span style="font-family: arial, helvetica, sans-serif; font-size: 12pt;">Ano montagem: 2008</span><br />
<span style="font-family: arial, helvetica, sans-serif; font-size: 12pt;">Ano de chassi: 2008</span><br />
<span style="font-family: arial, helvetica, sans-serif; font-size: 12pt;">Marca/Modelo chassi: Alegro – KM: 121.000</span><br />
<span style="font-family: arial, helvetica, sans-serif; font-size: 12pt;">Motorização: Motor Cummins- 340 HP &#8211; Diesel</span><br />
<span style="font-family: arial, helvetica, sans-serif; font-size: 12pt;">Dimensões: Comp. 9.900 x Larg. 2.60 x Alt. 3.60 (32 pés)</span><br />
<span style="font-family: arial, helvetica, sans-serif; font-size: 12pt;">Acomodação: 6 pessoas</span></p>
<p>&nbsp;</p>
<p><strong><span style="font-family: arial, helvetica, sans-serif; font-size: 12pt;">Veículo:</span></strong><br />
<span style="font-family: arial, helvetica, sans-serif; font-size: 12pt;">• Cambio 6 marchas automático Allison</span><br />
<span style="font-family: arial, helvetica, sans-serif; font-size: 12pt;">• Ar condicionado de Painel</span><br />
<span style="font-family: arial, helvetica, sans-serif; font-size: 12pt;">• 4 câmeras (duas laterais e duas traseiras)</span><br />
<span style="font-family: arial, helvetica, sans-serif; font-size: 12pt;">• Engate para reboque</span><br />
<span style="font-family: arial, helvetica, sans-serif; font-size: 12pt;">• Suspensão por mola e a ar</span><br />
<span style="font-family: arial, helvetica, sans-serif; font-size: 12pt;">• Piloto automático</span><br />
<span style="font-family: arial, helvetica, sans-serif; font-size: 12pt;">• Freio motor</span><br />
<span style="font-family: arial, helvetica, sans-serif; font-size: 12pt;">• Retrovisores com aquecedor elétrico</span><br />
<span style="font-family: arial, helvetica, sans-serif; font-size: 12pt;">• Motor cummins isb 6.7 (mesmo da RAM)</span><br />
<span style="font-family: arial, helvetica, sans-serif; font-size: 12pt;">• Sapatas de nivelamento elétricas com motor individual acionados por controle remoto</span><br />
<span style="font-family: arial, helvetica, sans-serif; font-size: 12pt;">• Freio a disco nas quatro rodas</span><br />
<span style="font-family: arial, helvetica, sans-serif; font-size: 12pt;">• 4 pneus meia vida e dois zeros (255/70R 22.5)</span><br />
<span style="font-family: arial, helvetica, sans-serif; font-size: 12pt;">• Bateria da partida (Moura 180ª)</span></p>
<p>&nbsp;</p>
<p><strong><span style="font-family: arial, helvetica, sans-serif; font-size: 12pt;">Acessórios:</span></strong><br />
<span style="font-family: arial, helvetica, sans-serif; font-size: 12pt;">• Antena de canal fechado</span><br />
<span style="font-family: arial, helvetica, sans-serif; font-size: 12pt;">• Ar condicionado de teto 11.000 Btu´s</span><br />
<span style="font-family: arial, helvetica, sans-serif; font-size: 12pt;">• Aquecedor de água de boiler a gás e elétrico</span><br />
<span style="font-family: arial, helvetica, sans-serif; font-size: 12pt;">• Bateria auxiliar 180a</span><br />
<span style="font-family: arial, helvetica, sans-serif; font-size: 12pt;">• Bomba d’água Shurflo</span><br />
<span style="font-family: arial, helvetica, sans-serif; font-size: 12pt;">• Claraboia com exaustor</span><br />
<span style="font-family: arial, helvetica, sans-serif; font-size: 12pt;">• Conversor de energia 5.000W</span><br />
<span style="font-family: arial, helvetica, sans-serif; font-size: 12pt;">• Regulador de voltarem automatico</span><br />
<span style="font-family: arial, helvetica, sans-serif; font-size: 12pt;">• Cozinha externa</span><br />
<span style="font-family: arial, helvetica, sans-serif; font-size: 12pt;">• Chuveiro externo</span><br />
<span style="font-family: arial, helvetica, sans-serif; font-size: 12pt;">• Caixa de água limpa 200lts, caixa de água servida 200lts e detritos 200lts.</span><br />
<span style="font-family: arial, helvetica, sans-serif; font-size: 12pt;">• Engate para reboque</span><br />
<span style="font-family: arial, helvetica, sans-serif; font-size: 12pt;">• Forno micro-ondas</span><br />
<span style="font-family: arial, helvetica, sans-serif; font-size: 12pt;">• Fogão com forno</span><br />
<span style="font-family: arial, helvetica, sans-serif; font-size: 12pt;">• Gerador de energia a diesel Onan 6KVA (usa o mesmo combustível do veículo, não precisando abastecer), liga no painel</span><br />
<span style="font-family: arial, helvetica, sans-serif; font-size: 12pt;">• Inversor de energia 1.800W XANTREX</span><br />
<span style="font-family: arial, helvetica, sans-serif; font-size: 12pt;">• Máquina de lavar 3kg</span><br />
<span style="font-family: arial, helvetica, sans-serif; font-size: 12pt;">• Refrigerador elétrico 260Lts elétrica e gás (automático)</span><br />
<span style="font-family: arial, helvetica, sans-serif; font-size: 12pt;">• Sanitário Aqua Magic Pedal</span><br />
<span style="font-family: arial, helvetica, sans-serif; font-size: 12pt;">• 2 Slide out (sala e no quarto)</span><br />
<span style="font-family: arial, helvetica, sans-serif; font-size: 12pt;">• Toalheiro térmico</span><br />
<span style="font-family: arial, helvetica, sans-serif; font-size: 12pt;">• Toldo manual</span><br />
<span style="font-family: arial, helvetica, sans-serif; font-size: 12pt;">• TV na sala</span><br />
<span style="font-family: arial, helvetica, sans-serif; font-size: 12pt;">• TV quarto casal</span><br />
<span style="font-family: arial, helvetica, sans-serif; font-size: 12pt;">• DVD e SKY</span><br />
<span style="font-family: arial, helvetica, sans-serif; font-size: 12pt;">• Sistema de calefação (funciona a gás e elétrico)</span><br />
<span style="font-family: arial, helvetica, sans-serif; font-size: 12pt;">• Aspirador de pó embutido, com acesso a todo o veículo</span><br />
<span style="font-family: arial, helvetica, sans-serif; font-size: 12pt;">• Amplos armários com guarda roupa</span><br />
<span style="font-family: arial, helvetica, sans-serif; font-size: 12pt;">• Dinete vira cama de solteiro</span><br />
<span style="font-family: arial, helvetica, sans-serif; font-size: 12pt;">• Sofá vira cama de casal (colchão de mola e ar)</span><br />
<span style="font-family: arial, helvetica, sans-serif; font-size: 12pt;">• Poltrona reclinável</span><br />
<span style="font-family: arial, helvetica, sans-serif; font-size: 12pt;">• Sensores de gás e fogo</span></p>
<p>&nbsp;</p>
<p><span style="font-family: arial, helvetica, sans-serif; font-size: 12pt;">*</span><span style="font-family: arial, helvetica, sans-serif; font-size: 12pt;">As informações das fotos e de toda a descrição do produto podem sofrer alterações sem prévio aviso.</span><br />
<span style="font-family: arial, helvetica, sans-serif; font-size: 12pt;">*As fotos apresentadas podem conter opcionais instalados.</span><br />
<span style="font-family: arial, helvetica, sans-serif; font-size: 12pt;">Caso tenha alguma dúvida, favor entrar em contato com uma de nossas revendas.</span>[/vc_column_text][/vc_tta_section][/vc_tta_tabs][/vc_column][/vc_row][vc_row][vc_column][vc_column_text][/vc_column_text][/vc_column][/vc_row]</p>
</section>

<p>[vc_row][vc_column width=&#8221;1/2&#8243;][vc_column_text] Venda /&nbsp;RVs usados [/vc_column_text][vc_row_inner][vc_column_inner][vc_column_text]Fotos Externas[/vc_column_text][vc_gallery interval=&#8221;3&#8243; images=&#8221;20115,20116,20117,20118,20119,20120,20121&#8243; img_size=&#8221;620&#215;420&#8243; onclick=&#8221;img_link_large&#8221; custom_links_target=&#8221;_blank&#8221;][vc_column_text]Fotos Internas[/vc_column_text][vc_gallery interval=&#8221;3&#8243; images=&#8221;20124,20125,20123,20126,20127,20122,20128,20129,20130,20131,20132,20133,20134&#8243; img_size=&#8221;620&#215;420&#8243; onclick=&#8221;img_link_large&#8221; custom_links_target=&#8221;_blank&#8221;][/vc_column_inner][/vc_row_inner][vc_empty_space][/vc_column][vc_column width=&#8221;1/2&#8243;][vc_column_text]&nbsp; Motor Home Importado Tiffin Mod Alegro 32ba Fred R$ 650.000,00[/vc_column_text][vc_tta_tabs active_section=&#8221;1&#8243;][vc_tta_section title=&#8221;Descrição&#8221; tab_id=&#8221;1471526930947-32b6d156-f486&#8243;][vc_column_text]MOTOR HOME AMERICANO NO BRASIL Marca Montagem: TIFFIN (Americano único no Brasil-legalizado) Modelo montagem: Alegro 32BA Fred Ano montagem: 2008 Ano de chassi: 2008 [&hellip;]</p>
