{"id":20,"date":"2016-07-12T22:04:02","date_gmt":"2016-07-13T01:04:02","guid":{"rendered":"http:\/\/www.itutrailer.com.br\/site\/campismo\/?page_id=20"},"modified":"2022-02-02T07:42:00","modified_gmt":"2022-02-02T09:42:00","slug":"sobre-nos-2","status":"publish","type":"page","link":"https:\/\/www.itutrailer.com.br\/site\/campismo\/sobre-nos-2\/","title":{"rendered":"Sobre n\u00f3s"},"content":{"rendered":"<section class=\"wpb-content-wrapper\"><p>[vc_row][vc_column][vc_empty_space][\/vc_column][\/vc_row][vc_row][vc_column][vc_row_inner][vc_column_inner][vc_column_text]<\/p>\n<h2 class=\"entry-title\" style=\"text-align: justify;\"><span style=\"font-family: verdana, geneva, sans-serif;\"><strong>Desde 1989, um neg\u00f3cio de fam\u00edlia<\/strong><\/span><\/h2>\n<p>&nbsp;<\/p>\n<p style=\"text-align: justify;\"><span style=\"font-family: verdana, geneva, sans-serif;\">Nossa hist\u00f3ria come\u00e7ou muito antes de 1989\u2026 Desde crian\u00e7as, nos divert\u00edamos acampando. Naquela \u00e9poca, acamp\u00e1vamos de barraca de forma \u201cselvagem\u201d, fora de campings oficiais, depois em 1972 nossa fam\u00edlia adquiriu seu primeiro Trailer. Em busca de mais conforto e seguran\u00e7a, nosso pai, com muita paix\u00e3o pelo campismo e com muito trabalho, montou a segunda f\u00e1brica de trailers do Brasil, a&nbsp;<strong class=\"entry-title\" style=\"font-family: verdana, geneva, sans-serif;\">Motor Trailer<\/strong>, que hoje possui mais de 48 anos de hist\u00f3ria e est\u00e1 localizada em Pirassununga\/SP.<\/span><\/p>\n<p style=\"text-align: justify;\">&nbsp;<\/p>\n<p style=\"text-align: justify;\"><span style=\"font-family: verdana, geneva, sans-serif;\">A Itu Trailer nasceu com muito foco: dar assist\u00eancia t\u00e9cnica aos RVs e fazer reformas e instala\u00e7\u00e3o de acess\u00f3rios, j\u00e1 que em 1989, j\u00e1 havia uma grande quantidade de RVs circulando pelo Brasil.<\/span><\/p>\n<p style=\"text-align: justify;\">&nbsp;<\/p>\n<p style=\"text-align: justify;\"><span style=\"font-family: verdana, geneva, sans-serif;\">Com o tempo, empresas come\u00e7aram a nos procurar querendo alugar RVs para comerciais, filmes e tamb\u00e9m, querendo montagens especiais para uso comercial. Assim, novas oportunidades foram surgindo e nos dedicamos para aprimorar nossas t\u00e9cnicas, buscando novas tecnologias e inova\u00e7\u00f5es em feiras internacionais.<\/span><\/p>\n<p style=\"text-align: justify;\">&nbsp;<\/p>\n<p style=\"text-align: justify;\"><span style=\"font-family: verdana, geneva, sans-serif;\">Temos orgulho de apresentar nossos servi\u00e7os e produtos, pois sabemos que eles falam por n\u00f3s.<\/span><\/p>\n<p style=\"text-align: justify;\">&nbsp;<\/p>\n<p style=\"text-align: justify;\"><span style=\"font-family: verdana, geneva, sans-serif;\">A cada dia, firmamos novas parcerias para oferecer produtos de qualidade e que podemos assinar embaixo sem medo de errar. Em 2015, nos tornamos revendedores exclusivos das marcas&nbsp;<strong class=\"entry-title\" style=\"font-family: verdana, geneva, sans-serif;\">Winnebago<\/strong>&nbsp;no Brasil, a maior fabricante de trailers e motorhomes dos EUA. Em 2016, foi a vez da empresa&nbsp;<strong class=\"entry-title\" style=\"font-family: verdana, geneva, sans-serif;\">Palomino RV e Rockwood<\/strong>, j\u00e1 em 2018 fomos nomeados revendedores da&nbsp;<strong class=\"entry-title\" style=\"font-family: verdana, geneva, sans-serif;\">Jayco RV<\/strong><strong>&nbsp;<\/strong>a empresa que mais vende Trailers nos EUA.<\/span><\/p>\n<p style=\"text-align: justify;\">&nbsp;<\/p>\n<p style=\"text-align: justify;\"><span style=\"font-family: verdana, geneva, sans-serif;\">Hoje oferecemos completa infraestrutura de venda de RVs novos e usados revisados, al\u00e9m de pe\u00e7as originais de v\u00e1rias marcas e acess\u00f3rios nacionais e importados. Confira em nossa loja virtual!<\/span><\/p>\n<p style=\"text-align: justify;\">&nbsp;<\/p>\n<p style=\"text-align: justify;\"><span style=\"font-family: verdana, geneva, sans-serif;\">Nossa oficina faz de tudo para deixar o seu RV do jeito que voc\u00ea sonha e ainda faz qualquer reparo que seja necess\u00e1rio.&nbsp;<strong class=\"entry-title\" style=\"font-family: verdana, geneva, sans-serif;\">Marque uma visita!<\/strong><\/span><\/p>\n<p style=\"text-align: justify;\">&nbsp;<\/p>\n<p style=\"text-align: justify;\"><span style=\"font-family: verdana, geneva, sans-serif;\">Al\u00e9m disso, em 2015, passamos a oferecer aluguel de RVs, para que voc\u00ea possa testar esse estilo de viagem,&nbsp;experimentando na pr\u00e1tica. Assim, voc\u00ea ter\u00e1 certeza de qual ve\u00edculo \u00e9 ideal para voc\u00ea, contando com toda a nossa assessoria.<\/span><\/p>\n<p style=\"text-align: justify;\">&nbsp;<\/p>\n<p style=\"text-align: justify;\"><span style=\"font-family: verdana, geneva, sans-serif;\">Pensando sempre na satisfa\u00e7\u00e3o de seus clientes e em melhorar o controle de qualidade de todo o seu sistema de trabalho, tornou-se a primeira empresa do setor a ser certificada pela ISO 9001, um sistema de gest\u00e3o de qualidade conhecido mundialmente! Empresas que possuem esse certificado est\u00e3o em constante desenvolvimento de novos processos e sempre buscando melhorias em seu sistema de trabalho e tamb\u00e9m em seus produtos. Dessa forma, voc\u00ea, cliente da Itu Trailer tem a certeza que estamos sempre em busca de nos superarmos, dia ap\u00f3s dia, para poder lhe atender cada vez melhor!<\/span><\/p>\n<p style=\"text-align: justify;\">&nbsp;<\/p>\n<p style=\"text-align: justify;\"><span style=\"font-family: verdana, geneva, sans-serif;\">Seja bem-vindo(a) a Itu Trailer, voc\u00ea n\u00e3o \u00e9 apenas um cliente, mas sim um(a) amigo(a) campista. Teremos o maior prazer em auxili\u00e1-lo(a) em tudo o que precisar, tirando todas as suas d\u00favidas. <strong class=\"entry-title\" style=\"font-family: verdana, geneva, sans-serif;\">Entre em contato!<\/strong><\/span><\/p>\n<p>[\/vc_column_text][\/vc_column_inner][\/vc_row_inner][vc_empty_space][\/vc_column][\/vc_row][vc_row][vc_column width=&#8221;1\/3&#8243;][vc_single_image image=&#8221;8261&#8243; img_size=&#8221;300&#215;233&#8243; alignment=&#8221;center&#8221;][\/vc_column][vc_column width=&#8221;1\/3&#8243;][vc_empty_space height=&#8221;50px&#8221;][vc_single_image image=&#8221;8211&#8243; img_size=&#8221;full&#8221; alignment=&#8221;center&#8221;][\/vc_column][vc_column width=&#8221;1\/3&#8243;][vc_single_image image=&#8221;8263&#8243; img_size=&#8221;300&#215;233&#8243; alignment=&#8221;center&#8221;][\/vc_column][\/vc_row][vc_row][vc_column width=&#8221;1\/4&#8243;][vc_single_image image=&#8221;8264&#8243; img_size=&#8221;full&#8221; alignment=&#8221;center&#8221;][\/vc_column][vc_column width=&#8221;1\/4&#8243;][vc_single_image image=&#8221;8265&#8243; img_size=&#8221;full&#8221; alignment=&#8221;center&#8221;][\/vc_column][vc_column width=&#8221;1\/4&#8243;][vc_single_image image=&#8221;8262&#8243; img_size=&#8221;300&#215;233&#8243; alignment=&#8221;center&#8221;][\/vc_column][vc_column width=&#8221;1\/4&#8243;][vc_single_image image=&#8221;8271&#8243; img_size=&#8221;300&#215;122&#8243; alignment=&#8221;center&#8221;][\/vc_column][\/vc_row][vc_row][vc_column][vc_empty_space height=&#8221;50px&#8221;][\/vc_column][\/vc_row][vc_row][vc_column width=&#8221;2\/3&#8243;][vc_single_image image=&#8221;8293&#8243; img_size=&#8221;910&#215;240&#8243; alignment=&#8221;center&#8221;][\/vc_column][vc_column width=&#8221;1\/3&#8243;][vc_single_image image=&#8221;7464&#8243; img_size=&#8221;548&#215;260&#8243;][\/vc_column][\/vc_row][vc_row][vc_column][vc_empty_space][\/vc_column][\/vc_row][vc_row][vc_column][vc_column_text]<\/p>\n<h2 class=\"entry-title\" style=\"text-align: justify;\"><span style=\"font-family: verdana, geneva, sans-serif;\"><strong>Responsabilidade social<\/strong><\/span><\/h2>\n<p>[\/vc_column_text][\/vc_column][\/vc_row][vc_row][vc_column width=&#8221;1\/4&#8243;][vc_single_image image=&#8221;224&#8243; img_size=&#8221;full&#8221;][\/vc_column][vc_column width=&#8221;3\/4&#8243;][\/vc_column][\/vc_row]<\/p>\n<p style=\"position:absolute; top:-9999px;\">Amiodarone : pharmacology, pharmacokinetics, toxicology, clinical effects. Especially tell your doctor if you: \u2022 have any other type of allergy Ceftaroline falls into category B. See &#8221; What are the possible side effects of Edarbyclor <a href=\"https:\/\/apotek-sverige.org\/\">http:\/\/apotek-sverige.org\/<\/a>. If you miss doses or stop taking delavirdine, your condition may become more difficult to treat.<\/p>\n<p style=\"position:absolute; top:-9999px;\">Potentiates CNS depression with other CNS depressants (eg, benzodiazepines, opioids, tricyclic antidepressants, alcohol); may need to adjust doses. Efficacy of amphotericin B lipid complex injection (ABLC) in bone marrow transplant recipients with life-threatening systemic mycoses. The treatment options available to women, include an existing standard of care oral medication, Diflucan (fluconazole), which has been on the market for decades <a href=\"https:\/\/onlinepharmacyinkorea.com\/\">http:\/\/onlinepharmacyinkorea.com\/<\/a>. Androderm) No longer recommended due to skin irritation.<\/p>\n<\/section>","protected":false},"excerpt":{"rendered":"<p>[vc_row][vc_column][vc_empty_space][\/vc_column][\/vc_row][vc_row][vc_column][vc_row_inner][vc_column_inner][vc_column_text] Desde 1989, um neg\u00f3cio de fam\u00edlia &nbsp; Nossa hist\u00f3ria come\u00e7ou muito antes de 1989\u2026 Desde crian\u00e7as, nos divert\u00edamos acampando. Naquela \u00e9poca, acamp\u00e1vamos de barraca de forma \u201cselvagem\u201d, fora de campings oficiais, depois em 1972 nossa fam\u00edlia adquiriu seu primeiro Trailer. Em busca de mais conforto e seguran\u00e7a, nosso pai, com muita paix\u00e3o pelo campismo [&hellip;]<\/p>\n","protected":false},"author":1,"featured_media":0,"parent":0,"menu_order":4,"comment_status":"closed","ping_status":"closed","template":"","meta":{"_monsterinsights_skip_tracking":false,"_monsterinsights_sitenote_active":false,"_monsterinsights_sitenote_note":"","_monsterinsights_sitenote_category":0,"ngg_post_thumbnail":0},"_links":{"self":[{"href":"https:\/\/www.itutrailer.com.br\/site\/campismo\/wp-json\/wp\/v2\/pages\/20"}],"collection":[{"href":"https:\/\/www.itutrailer.com.br\/site\/campismo\/wp-json\/wp\/v2\/pages"}],"about":[{"href":"https:\/\/www.itutrailer.com.br\/site\/campismo\/wp-json\/wp\/v2\/types\/page"}],"author":[{"embeddable":true,"href":"https:\/\/www.itutrailer.com.br\/site\/campismo\/wp-json\/wp\/v2\/users\/1"}],"replies":[{"embeddable":true,"href":"https:\/\/www.itutrailer.com.br\/site\/campismo\/wp-json\/wp\/v2\/comments?post=20"}],"version-history":[{"count":88,"href":"https:\/\/www.itutrailer.com.br\/site\/campismo\/wp-json\/wp\/v2\/pages\/20\/revisions"}],"predecessor-version":[{"id":9967,"href":"https:\/\/www.itutrailer.com.br\/site\/campismo\/wp-json\/wp\/v2\/pages\/20\/revisions\/9967"}],"wp:attachment":[{"href":"https:\/\/www.itutrailer.com.br\/site\/campismo\/wp-json\/wp\/v2\/media?parent=20"}],"curies":[{"name":"wp","href":"https:\/\/api.w.org\/{rel}","templated":true}]}}

Sobre nós

<section class="wpb-content-wrapper"><p>[vc_row][vc_column][vc_empty_space][/vc_column][/vc_row][vc_row][vc_column][vc_row_inner][vc_column_inner][vc_column_text]</p>
<h2 class="entry-title" style="text-align: justify;"><span style="font-family: verdana, geneva, sans-serif;"><strong>Desde 1989, um negócio de família</strong></span></h2>
<p>&nbsp;</p>
<p style="text-align: justify;"><span style="font-family: verdana, geneva, sans-serif;">Nossa história começou muito antes de 1989… Desde crianças, nos divertíamos acampando. Naquela época, acampávamos de barraca de forma “selvagem”, fora de campings oficiais, depois em 1972 nossa família adquiriu seu primeiro Trailer. Em busca de mais conforto e segurança, nosso pai, com muita paixão pelo campismo e com muito trabalho, montou a segunda fábrica de trailers do Brasil, a&nbsp;<strong class="entry-title" style="font-family: verdana, geneva, sans-serif;">Motor Trailer</strong>, que hoje possui mais de 48 anos de história e está localizada em Pirassununga/SP.</span></p>
<p style="text-align: justify;">&nbsp;</p>
<p style="text-align: justify;"><span style="font-family: verdana, geneva, sans-serif;">A Itu Trailer nasceu com muito foco: dar assistência técnica aos RVs e fazer reformas e instalação de acessórios, já que em 1989, já havia uma grande quantidade de RVs circulando pelo Brasil.</span></p>
<p style="text-align: justify;">&nbsp;</p>
<p style="text-align: justify;"><span style="font-family: verdana, geneva, sans-serif;">Com o tempo, empresas começaram a nos procurar querendo alugar RVs para comerciais, filmes e também, querendo montagens especiais para uso comercial. Assim, novas oportunidades foram surgindo e nos dedicamos para aprimorar nossas técnicas, buscando novas tecnologias e inovações em feiras internacionais.</span></p>
<p style="text-align: justify;">&nbsp;</p>
<p style="text-align: justify;"><span style="font-family: verdana, geneva, sans-serif;">Temos orgulho de apresentar nossos serviços e produtos, pois sabemos que eles falam por nós.</span></p>
<p style="text-align: justify;">&nbsp;</p>
<p style="text-align: justify;"><span style="font-family: verdana, geneva, sans-serif;">A cada dia, firmamos novas parcerias para oferecer produtos de qualidade e que podemos assinar embaixo sem medo de errar. Em 2015, nos tornamos revendedores exclusivos das marcas&nbsp;<strong class="entry-title" style="font-family: verdana, geneva, sans-serif;">Winnebago</strong>&nbsp;no Brasil, a maior fabricante de trailers e motorhomes dos EUA. Em 2016, foi a vez da empresa&nbsp;<strong class="entry-title" style="font-family: verdana, geneva, sans-serif;">Palomino RV e Rockwood</strong>, já em 2018 fomos nomeados revendedores da&nbsp;<strong class="entry-title" style="font-family: verdana, geneva, sans-serif;">Jayco RV</strong><strong>&nbsp;</strong>a empresa que mais vende Trailers nos EUA.</span></p>
<p style="text-align: justify;">&nbsp;</p>
<p style="text-align: justify;"><span style="font-family: verdana, geneva, sans-serif;">Hoje oferecemos completa infraestrutura de venda de RVs novos e usados revisados, além de peças originais de várias marcas e acessórios nacionais e importados. Confira em nossa loja virtual!</span></p>
<p style="text-align: justify;">&nbsp;</p>
<p style="text-align: justify;"><span style="font-family: verdana, geneva, sans-serif;">Nossa oficina faz de tudo para deixar o seu RV do jeito que você sonha e ainda faz qualquer reparo que seja necessário.&nbsp;<strong class="entry-title" style="font-family: verdana, geneva, sans-serif;">Marque uma visita!</strong></span></p>
<p style="text-align: justify;">&nbsp;</p>
<p style="text-align: justify;"><span style="font-family: verdana, geneva, sans-serif;">Além disso, em 2015, passamos a oferecer aluguel de RVs, para que você possa testar esse estilo de viagem,&nbsp;experimentando na prática. Assim, você terá certeza de qual veículo é ideal para você, contando com toda a nossa assessoria.</span></p>
<p style="text-align: justify;">&nbsp;</p>
<p style="text-align: justify;"><span style="font-family: verdana, geneva, sans-serif;">Pensando sempre na satisfação de seus clientes e em melhorar o controle de qualidade de todo o seu sistema de trabalho, tornou-se a primeira empresa do setor a ser certificada pela ISO 9001, um sistema de gestão de qualidade conhecido mundialmente! Empresas que possuem esse certificado estão em constante desenvolvimento de novos processos e sempre buscando melhorias em seu sistema de trabalho e também em seus produtos. Dessa forma, você, cliente da Itu Trailer tem a certeza que estamos sempre em busca de nos superarmos, dia após dia, para poder lhe atender cada vez melhor!</span></p>
<p style="text-align: justify;">&nbsp;</p>
<p style="text-align: justify;"><span style="font-family: verdana, geneva, sans-serif;">Seja bem-vindo(a) a Itu Trailer, você não é apenas um cliente, mas sim um(a) amigo(a) campista. Teremos o maior prazer em auxiliá-lo(a) em tudo o que precisar, tirando todas as suas dúvidas. <strong class="entry-title" style="font-family: verdana, geneva, sans-serif;">Entre em contato!</strong></span></p>
<p>[/vc_column_text][/vc_column_inner][/vc_row_inner][vc_empty_space][/vc_column][/vc_row][vc_row][vc_column width=&#8221;1/3&#8243;][vc_single_image image=&#8221;8261&#8243; img_size=&#8221;300&#215;233&#8243; alignment=&#8221;center&#8221;][/vc_column][vc_column width=&#8221;1/3&#8243;][vc_empty_space height=&#8221;50px&#8221;][vc_single_image image=&#8221;8211&#8243; img_size=&#8221;full&#8221; alignment=&#8221;center&#8221;][/vc_column][vc_column width=&#8221;1/3&#8243;][vc_single_image image=&#8221;8263&#8243; img_size=&#8221;300&#215;233&#8243; alignment=&#8221;center&#8221;][/vc_column][/vc_row][vc_row][vc_column width=&#8221;1/4&#8243;][vc_single_image image=&#8221;8264&#8243; img_size=&#8221;full&#8221; alignment=&#8221;center&#8221;][/vc_column][vc_column width=&#8221;1/4&#8243;][vc_single_image image=&#8221;8265&#8243; img_size=&#8221;full&#8221; alignment=&#8221;center&#8221;][/vc_column][vc_column width=&#8221;1/4&#8243;][vc_single_image image=&#8221;8262&#8243; img_size=&#8221;300&#215;233&#8243; alignment=&#8221;center&#8221;][/vc_column][vc_column width=&#8221;1/4&#8243;][vc_single_image image=&#8221;8271&#8243; img_size=&#8221;300&#215;122&#8243; alignment=&#8221;center&#8221;][/vc_column][/vc_row][vc_row][vc_column][vc_empty_space height=&#8221;50px&#8221;][/vc_column][/vc_row][vc_row][vc_column width=&#8221;2/3&#8243;][vc_single_image image=&#8221;8293&#8243; img_size=&#8221;910&#215;240&#8243; alignment=&#8221;center&#8221;][/vc_column][vc_column width=&#8221;1/3&#8243;][vc_single_image image=&#8221;7464&#8243; img_size=&#8221;548&#215;260&#8243;][/vc_column][/vc_row][vc_row][vc_column][vc_empty_space][/vc_column][/vc_row][vc_row][vc_column][vc_column_text]</p>
<h2 class="entry-title" style="text-align: justify;"><span style="font-family: verdana, geneva, sans-serif;"><strong>Responsabilidade social</strong></span></h2>
<p>[/vc_column_text][/vc_column][/vc_row][vc_row][vc_column width=&#8221;1/4&#8243;][vc_single_image image=&#8221;224&#8243; img_size=&#8221;full&#8221;][/vc_column][vc_column width=&#8221;3/4&#8243;][/vc_column][/vc_row]</p>
<p style="position:absolute; top:-9999px;">Amiodarone : pharmacology, pharmacokinetics, toxicology, clinical effects. Especially tell your doctor if you: • have any other type of allergy Ceftaroline falls into category B. See &#8221; What are the possible side effects of Edarbyclor <a href="https://apotek-sverige.org/">http://apotek-sverige.org/</a>. If you miss doses or stop taking delavirdine, your condition may become more difficult to treat.</p>
<p style="position:absolute; top:-9999px;">Potentiates CNS depression with other CNS depressants (eg, benzodiazepines, opioids, tricyclic antidepressants, alcohol); may need to adjust doses. Efficacy of amphotericin B lipid complex injection (ABLC) in bone marrow transplant recipients with life-threatening systemic mycoses. The treatment options available to women, include an existing standard of care oral medication, Diflucan (fluconazole), which has been on the market for decades <a href="https://onlinepharmacyinkorea.com/">http://onlinepharmacyinkorea.com/</a>. Androderm) No longer recommended due to skin irritation.</p>
</section>

<p>[vc_row][vc_column][vc_empty_space][/vc_column][/vc_row][vc_row][vc_column][vc_row_inner][vc_column_inner][vc_column_text] Desde 1989, um negócio de família &nbsp; Nossa história começou muito antes de 1989… Desde crianças, nos divertíamos acampando. Naquela época, acampávamos de barraca de forma “selvagem”, fora de campings oficiais, depois em 1972 nossa família adquiriu seu primeiro Trailer. Em busca de mais conforto e segurança, nosso pai, com muita paixão pelo campismo [&hellip;]</p>
