{"id":16,"date":"2016-07-12T22:03:33","date_gmt":"2016-07-13T01:03:33","guid":{"rendered":"http:\/\/www.itutrailer.com.br\/site\/campismo\/?page_id=16"},"modified":"2025-05-27T09:58:08","modified_gmt":"2025-05-27T12:58:08","slug":"locacao","status":"publish","type":"page","link":"https:\/\/www.itutrailer.com.br\/site\/campismo\/locacao\/","title":{"rendered":"Loca\u00e7\u00e3o"},"content":{"rendered":"<section class=\"wpb-content-wrapper\"><p>[vc_row][vc_column][vc_column_text]<span class=\"entry-title\" style=\"font-size: 2em; font-family: verdana, geneva, sans-serif;\">Servi\u00e7os \/ <strong>Loca\u00e7\u00e3o<\/strong><\/span>[\/vc_column_text][vc_column_text]<strong><span class=\"entry-title\" style=\"font-family: verdana, geneva, sans-serif;\">Tem d\u00favida sobre qual RV comprar ou deseja apenas experimentar?<\/span><\/strong><\/p>\n<p><span style=\"font-size: 0.8em; font-family: arial, helvetica, sans-serif;\">Aproveite a oportunidade para <b>alugar e fa\u00e7a um teste!<\/b> Escolha o RV dispon\u00edvel para loca\u00e7\u00e3o abaixo::<\/span>[\/vc_column_text][vc_empty_space][\/vc_column][\/vc_row][vc_row][vc_column width=&#8221;1\/4&#8243;][\/vc_column][vc_column width=&#8221;1\/4&#8243;][vc_empty_space height=&#8221;36px&#8221;][vc_single_image image=&#8221;6592&#8243; img_size=&#8221;200&#215;199&#8243; alignment=&#8221;center&#8221; onclick=&#8221;custom_link&#8221; link=&#8221;https:\/\/www.itutrailer.com.br\/site\/campismo\/locacao-brasil\/&#8221;][vc_column_text]<\/p>\n<h5 style=\"text-align: center;\"><span class=\"entry-title\" style=\"font-family: 'arial black', sans-serif; font-size: 1.5em;\">BRASIL<\/span><\/h5>\n<p>[\/vc_column_text][\/vc_column][vc_column width=&#8221;1\/4&#8243;][vc_single_image image=&#8221;6603&#8243; img_size=&#8221;250&#215;241&#8243; alignment=&#8221;center&#8221; onclick=&#8221;custom_link&#8221; link=&#8221;https:\/\/www.itutrailer.com.br\/site\/campismo\/locacao-eua-canada\/&#8221;][vc_column_text]<\/p>\n<h5 style=\"text-align: center;\"><span class=\"entry-title\" style=\"font-family: 'arial black', sans-serif; font-size: 1.5em;\">EUA e CANAD\u00c1<\/span><\/h5>\n<p>[\/vc_column_text][\/vc_column][vc_column width=&#8221;1\/4&#8243;][\/vc_column][\/vc_row][vc_row][vc_column][vc_empty_space][\/vc_column][\/vc_row]<\/p>\n<\/section>","protected":false},"excerpt":{"rendered":"<p>[vc_row][vc_column][vc_column_text]Servi\u00e7os \/ Loca\u00e7\u00e3o[\/vc_column_text][vc_column_text]Tem d\u00favida sobre qual RV comprar ou deseja apenas experimentar? Aproveite a oportunidade para alugar e fa\u00e7a um teste! Escolha o RV dispon\u00edvel para loca\u00e7\u00e3o abaixo::[\/vc_column_text][vc_empty_space][\/vc_column][\/vc_row][vc_row][vc_column width=&#8221;1\/4&#8243;][\/vc_column][vc_column width=&#8221;1\/4&#8243;][vc_empty_space height=&#8221;36px&#8221;][vc_single_image image=&#8221;6592&#8243; img_size=&#8221;200&#215;199&#8243; alignment=&#8221;center&#8221; onclick=&#8221;custom_link&#8221; link=&#8221;https:\/\/www.itutrailer.com.br\/site\/campismo\/locacao-brasil\/&#8221;][vc_column_text] BRASIL [\/vc_column_text][\/vc_column][vc_column width=&#8221;1\/4&#8243;][vc_single_image image=&#8221;6603&#8243; img_size=&#8221;250&#215;241&#8243; alignment=&#8221;center&#8221; onclick=&#8221;custom_link&#8221; link=&#8221;https:\/\/www.itutrailer.com.br\/site\/campismo\/locacao-eua-canada\/&#8221;][vc_column_text] EUA e CANAD\u00c1 [\/vc_column_text][\/vc_column][vc_column width=&#8221;1\/4&#8243;][\/vc_column][\/vc_row][vc_row][vc_column][vc_empty_space][\/vc_column][\/vc_row]<\/p>\n","protected":false},"author":1,"featured_media":0,"parent":0,"menu_order":2,"comment_status":"closed","ping_status":"closed","template":"","meta":{"_monsterinsights_skip_tracking":false,"_monsterinsights_sitenote_active":false,"_monsterinsights_sitenote_note":"","_monsterinsights_sitenote_category":0,"ngg_post_thumbnail":0},"_links":{"self":[{"href":"https:\/\/www.itutrailer.com.br\/site\/campismo\/wp-json\/wp\/v2\/pages\/16"}],"collection":[{"href":"https:\/\/www.itutrailer.com.br\/site\/campismo\/wp-json\/wp\/v2\/pages"}],"about":[{"href":"https:\/\/www.itutrailer.com.br\/site\/campismo\/wp-json\/wp\/v2\/types\/page"}],"author":[{"embeddable":true,"href":"https:\/\/www.itutrailer.com.br\/site\/campismo\/wp-json\/wp\/v2\/users\/1"}],"replies":[{"embeddable":true,"href":"https:\/\/www.itutrailer.com.br\/site\/campismo\/wp-json\/wp\/v2\/comments?post=16"}],"version-history":[{"count":83,"href":"https:\/\/www.itutrailer.com.br\/site\/campismo\/wp-json\/wp\/v2\/pages\/16\/revisions"}],"predecessor-version":[{"id":18052,"href":"https:\/\/www.itutrailer.com.br\/site\/campismo\/wp-json\/wp\/v2\/pages\/16\/revisions\/18052"}],"wp:attachment":[{"href":"https:\/\/www.itutrailer.com.br\/site\/campismo\/wp-json\/wp\/v2\/media?parent=16"}],"curies":[{"name":"wp","href":"https:\/\/api.w.org\/{rel}","templated":true}]}}